{"id":119,"date":"2020-10-08T14:38:05","date_gmt":"2020-10-08T14:38:05","guid":{"rendered":"https:\/\/espenlaub-shop.de\/?post_type=product&#038;p=119"},"modified":"2021-09-10T08:18:24","modified_gmt":"2021-09-10T08:18:24","slug":"cd-schwaebisch-3-friar-frueher","status":"publish","type":"product","link":"https:\/\/espenlaub-shop.de\/index.php\/product\/cd-schwaebisch-3-friar-frueher\/","title":{"rendered":"CD Schw\u00e4bisch 3 &#8211; Friar (Fr\u00fcher)"},"content":{"rendered":"<p>Musik-CD<\/p>\n<ol>\n<li>Guada Morga<\/li>\n<li>Bauernregeln<\/li>\n<li>Muss i denn zum St\u00e4dele hinaus (instrumental)<\/li>\n<li>Friar<\/li>\n<li>Aus vollem Hals<\/li>\n<li>Rondo &#8211; T\u00fcrkischer Marsch<\/li>\n<li>Got\u00b4s eich noch guad<\/li>\n<li>Schnader Hupferl<\/li>\n<li>Alphorn Polka<\/li>\n<li>Kuckuck<\/li>\n<li>Die Geschichte vom Igel<\/li>\n<li>Whiskey Blues<\/li>\n<li>Mir sends<\/li>\n<li>Caf\u00e9haus Walzer<\/li>\n<li>Fr\u00fcher<\/li>\n<li>Es war so schea<\/li>\n<li>Waret\u00b4r mit dm Sound zfrieda?<\/li>\n<\/ol>\n","protected":false},"excerpt":{"rendered":"<p>Musik-CD Schw\u00e4bisch &#8222;3&#8220;. Noch mehr unterhaltsame, schw\u00e4bische Lieder von und mit Jo Br\u00f6sele.<\/p>\n<p>&nbsp;<\/p>\n","protected":false},"featured_media":120,"template":"","meta":[],"product_brand":[],"product_cat":[21],"product_tag":[52,35,45,51,44,53],"class_list":{"0":"post-119","1":"product","2":"type-product","3":"status-publish","4":"has-post-thumbnail","6":"product_cat-musik-filme","7":"product_tag-alphorn","8":"product_tag-cd","9":"product_tag-jo-broesele","10":"product_tag-musik","11":"product_tag-schwaebisch","12":"product_tag-walzer","14":"first","15":"instock","16":"purchasable","17":"product-type-simple"},"yoast_head":"<!-- This site is optimized with the Yoast SEO plugin v27.5 - https:\/\/yoast.com\/product\/yoast-seo-wordpress\/ -->\n<title>CD Schw\u00e4bisch 3 - Friar (Fr\u00fcher) - ESPENLAUB Verlag<\/title>\n<meta name=\"robots\" content=\"index, follow, max-snippet:-1, max-image-preview:large, max-video-preview:-1\" \/>\n<link rel=\"canonical\" href=\"https:\/\/espenlaub-shop.de\/index.php\/product\/cd-schwaebisch-3-friar-frueher\/\" \/>\n<meta property=\"og:locale\" content=\"de_DE\" \/>\n<meta property=\"og:type\" content=\"article\" \/>\n<meta property=\"og:title\" content=\"CD Schw\u00e4bisch 3 - Friar (Fr\u00fcher) - ESPENLAUB Verlag\" \/>\n<meta property=\"og:description\" content=\"Musik-CD Schw\u00e4bisch &quot;3&quot;. Noch mehr unterhaltsame, schw\u00e4bische Lieder von und mit Jo Br\u00f6sele.  &nbsp;\" \/>\n<meta property=\"og:url\" content=\"https:\/\/espenlaub-shop.de\/index.php\/product\/cd-schwaebisch-3-friar-frueher\/\" \/>\n<meta property=\"og:site_name\" content=\"ESPENLAUB Verlag\" \/>\n<meta property=\"article:modified_time\" content=\"2021-09-10T08:18:24+00:00\" \/>\n<meta property=\"og:image\" content=\"https:\/\/espenlaub-shop.de\/wp-content\/uploads\/2020\/10\/Musik-Schwaebisch-3.jpg\" \/>\n\t<meta property=\"og:image:width\" content=\"1024\" \/>\n\t<meta property=\"og:image:height\" content=\"646\" \/>\n\t<meta property=\"og:image:type\" content=\"image\/jpeg\" \/>\n<meta name=\"twitter:card\" content=\"summary_large_image\" \/>\n<script type=\"application\/ld+json\" class=\"yoast-schema-graph\">{\"@context\":\"https:\\\/\\\/schema.org\",\"@graph\":[{\"@type\":\"WebPage\",\"@id\":\"https:\\\/\\\/espenlaub-shop.de\\\/index.php\\\/product\\\/cd-schwaebisch-3-friar-frueher\\\/\",\"url\":\"https:\\\/\\\/espenlaub-shop.de\\\/index.php\\\/product\\\/cd-schwaebisch-3-friar-frueher\\\/\",\"name\":\"CD Schw\u00e4bisch 3 - Friar (Fr\u00fcher) - ESPENLAUB Verlag\",\"isPartOf\":{\"@id\":\"https:\\\/\\\/espenlaub-shop.de\\\/#website\"},\"primaryImageOfPage\":{\"@id\":\"https:\\\/\\\/espenlaub-shop.de\\\/index.php\\\/product\\\/cd-schwaebisch-3-friar-frueher\\\/#primaryimage\"},\"image\":{\"@id\":\"https:\\\/\\\/espenlaub-shop.de\\\/index.php\\\/product\\\/cd-schwaebisch-3-friar-frueher\\\/#primaryimage\"},\"thumbnailUrl\":\"https:\\\/\\\/espenlaub-shop.de\\\/wp-content\\\/uploads\\\/2020\\\/10\\\/Musik-Schwaebisch-3.jpg\",\"datePublished\":\"2020-10-08T14:38:05+00:00\",\"dateModified\":\"2021-09-10T08:18:24+00:00\",\"breadcrumb\":{\"@id\":\"https:\\\/\\\/espenlaub-shop.de\\\/index.php\\\/product\\\/cd-schwaebisch-3-friar-frueher\\\/#breadcrumb\"},\"inLanguage\":\"de\",\"potentialAction\":[{\"@type\":\"ReadAction\",\"target\":[\"https:\\\/\\\/espenlaub-shop.de\\\/index.php\\\/product\\\/cd-schwaebisch-3-friar-frueher\\\/\"]}]},{\"@type\":\"ImageObject\",\"inLanguage\":\"de\",\"@id\":\"https:\\\/\\\/espenlaub-shop.de\\\/index.php\\\/product\\\/cd-schwaebisch-3-friar-frueher\\\/#primaryimage\",\"url\":\"https:\\\/\\\/espenlaub-shop.de\\\/wp-content\\\/uploads\\\/2020\\\/10\\\/Musik-Schwaebisch-3.jpg\",\"contentUrl\":\"https:\\\/\\\/espenlaub-shop.de\\\/wp-content\\\/uploads\\\/2020\\\/10\\\/Musik-Schwaebisch-3.jpg\",\"width\":1024,\"height\":646},{\"@type\":\"BreadcrumbList\",\"@id\":\"https:\\\/\\\/espenlaub-shop.de\\\/index.php\\\/product\\\/cd-schwaebisch-3-friar-frueher\\\/#breadcrumb\",\"itemListElement\":[{\"@type\":\"ListItem\",\"position\":1,\"name\":\"Home\",\"item\":\"https:\\\/\\\/espenlaub-shop.de\\\/\"},{\"@type\":\"ListItem\",\"position\":2,\"name\":\"Shop\",\"item\":\"https:\\\/\\\/espenlaub-shop.de\\\/index.php\\\/shop\\\/\"},{\"@type\":\"ListItem\",\"position\":3,\"name\":\"CD Schw\u00e4bisch 3 &#8211; Friar (Fr\u00fcher)\"}]},{\"@type\":\"WebSite\",\"@id\":\"https:\\\/\\\/espenlaub-shop.de\\\/#website\",\"url\":\"https:\\\/\\\/espenlaub-shop.de\\\/\",\"name\":\"ESPENLAUB Verlag\",\"description\":\"\",\"publisher\":{\"@id\":\"https:\\\/\\\/espenlaub-shop.de\\\/#organization\"},\"potentialAction\":[{\"@type\":\"SearchAction\",\"target\":{\"@type\":\"EntryPoint\",\"urlTemplate\":\"https:\\\/\\\/espenlaub-shop.de\\\/?s={search_term_string}\"},\"query-input\":{\"@type\":\"PropertyValueSpecification\",\"valueRequired\":true,\"valueName\":\"search_term_string\"}}],\"inLanguage\":\"de\"},{\"@type\":\"Organization\",\"@id\":\"https:\\\/\\\/espenlaub-shop.de\\\/#organization\",\"name\":\"ESPENLAUB Verlag\",\"url\":\"https:\\\/\\\/espenlaub-shop.de\\\/\",\"logo\":{\"@type\":\"ImageObject\",\"inLanguage\":\"de\",\"@id\":\"https:\\\/\\\/espenlaub-shop.de\\\/#\\\/schema\\\/logo\\\/image\\\/\",\"url\":\"https:\\\/\\\/espenlaub-shop.de\\\/wp-content\\\/uploads\\\/2020\\\/07\\\/logo.png\",\"contentUrl\":\"https:\\\/\\\/espenlaub-shop.de\\\/wp-content\\\/uploads\\\/2020\\\/07\\\/logo.png\",\"width\":531,\"height\":80,\"caption\":\"ESPENLAUB Verlag\"},\"image\":{\"@id\":\"https:\\\/\\\/espenlaub-shop.de\\\/#\\\/schema\\\/logo\\\/image\\\/\"}}]}<\/script>\n<!-- \/ Yoast SEO plugin. -->","yoast_head_json":{"title":"CD Schw\u00e4bisch 3 - Friar (Fr\u00fcher) - ESPENLAUB Verlag","robots":{"index":"index","follow":"follow","max-snippet":"max-snippet:-1","max-image-preview":"max-image-preview:large","max-video-preview":"max-video-preview:-1"},"canonical":"https:\/\/espenlaub-shop.de\/index.php\/product\/cd-schwaebisch-3-friar-frueher\/","og_locale":"de_DE","og_type":"article","og_title":"CD Schw\u00e4bisch 3 - Friar (Fr\u00fcher) - ESPENLAUB Verlag","og_description":"Musik-CD Schw\u00e4bisch \"3\". Noch mehr unterhaltsame, schw\u00e4bische Lieder von und mit Jo Br\u00f6sele.  &nbsp;","og_url":"https:\/\/espenlaub-shop.de\/index.php\/product\/cd-schwaebisch-3-friar-frueher\/","og_site_name":"ESPENLAUB Verlag","article_modified_time":"2021-09-10T08:18:24+00:00","og_image":[{"width":1024,"height":646,"url":"https:\/\/espenlaub-shop.de\/wp-content\/uploads\/2020\/10\/Musik-Schwaebisch-3.jpg","type":"image\/jpeg"}],"twitter_card":"summary_large_image","schema":{"@context":"https:\/\/schema.org","@graph":[{"@type":"WebPage","@id":"https:\/\/espenlaub-shop.de\/index.php\/product\/cd-schwaebisch-3-friar-frueher\/","url":"https:\/\/espenlaub-shop.de\/index.php\/product\/cd-schwaebisch-3-friar-frueher\/","name":"CD Schw\u00e4bisch 3 - Friar (Fr\u00fcher) - ESPENLAUB Verlag","isPartOf":{"@id":"https:\/\/espenlaub-shop.de\/#website"},"primaryImageOfPage":{"@id":"https:\/\/espenlaub-shop.de\/index.php\/product\/cd-schwaebisch-3-friar-frueher\/#primaryimage"},"image":{"@id":"https:\/\/espenlaub-shop.de\/index.php\/product\/cd-schwaebisch-3-friar-frueher\/#primaryimage"},"thumbnailUrl":"https:\/\/espenlaub-shop.de\/wp-content\/uploads\/2020\/10\/Musik-Schwaebisch-3.jpg","datePublished":"2020-10-08T14:38:05+00:00","dateModified":"2021-09-10T08:18:24+00:00","breadcrumb":{"@id":"https:\/\/espenlaub-shop.de\/index.php\/product\/cd-schwaebisch-3-friar-frueher\/#breadcrumb"},"inLanguage":"de","potentialAction":[{"@type":"ReadAction","target":["https:\/\/espenlaub-shop.de\/index.php\/product\/cd-schwaebisch-3-friar-frueher\/"]}]},{"@type":"ImageObject","inLanguage":"de","@id":"https:\/\/espenlaub-shop.de\/index.php\/product\/cd-schwaebisch-3-friar-frueher\/#primaryimage","url":"https:\/\/espenlaub-shop.de\/wp-content\/uploads\/2020\/10\/Musik-Schwaebisch-3.jpg","contentUrl":"https:\/\/espenlaub-shop.de\/wp-content\/uploads\/2020\/10\/Musik-Schwaebisch-3.jpg","width":1024,"height":646},{"@type":"BreadcrumbList","@id":"https:\/\/espenlaub-shop.de\/index.php\/product\/cd-schwaebisch-3-friar-frueher\/#breadcrumb","itemListElement":[{"@type":"ListItem","position":1,"name":"Home","item":"https:\/\/espenlaub-shop.de\/"},{"@type":"ListItem","position":2,"name":"Shop","item":"https:\/\/espenlaub-shop.de\/index.php\/shop\/"},{"@type":"ListItem","position":3,"name":"CD Schw\u00e4bisch 3 &#8211; Friar (Fr\u00fcher)"}]},{"@type":"WebSite","@id":"https:\/\/espenlaub-shop.de\/#website","url":"https:\/\/espenlaub-shop.de\/","name":"ESPENLAUB Verlag","description":"","publisher":{"@id":"https:\/\/espenlaub-shop.de\/#organization"},"potentialAction":[{"@type":"SearchAction","target":{"@type":"EntryPoint","urlTemplate":"https:\/\/espenlaub-shop.de\/?s={search_term_string}"},"query-input":{"@type":"PropertyValueSpecification","valueRequired":true,"valueName":"search_term_string"}}],"inLanguage":"de"},{"@type":"Organization","@id":"https:\/\/espenlaub-shop.de\/#organization","name":"ESPENLAUB Verlag","url":"https:\/\/espenlaub-shop.de\/","logo":{"@type":"ImageObject","inLanguage":"de","@id":"https:\/\/espenlaub-shop.de\/#\/schema\/logo\/image\/","url":"https:\/\/espenlaub-shop.de\/wp-content\/uploads\/2020\/07\/logo.png","contentUrl":"https:\/\/espenlaub-shop.de\/wp-content\/uploads\/2020\/07\/logo.png","width":531,"height":80,"caption":"ESPENLAUB Verlag"},"image":{"@id":"https:\/\/espenlaub-shop.de\/#\/schema\/logo\/image\/"}}]}},"_links":{"self":[{"href":"https:\/\/espenlaub-shop.de\/index.php\/wp-json\/wp\/v2\/product\/119","targetHints":{"allow":["GET"]}}],"collection":[{"href":"https:\/\/espenlaub-shop.de\/index.php\/wp-json\/wp\/v2\/product"}],"about":[{"href":"https:\/\/espenlaub-shop.de\/index.php\/wp-json\/wp\/v2\/types\/product"}],"wp:featuredmedia":[{"embeddable":true,"href":"https:\/\/espenlaub-shop.de\/index.php\/wp-json\/wp\/v2\/media\/120"}],"wp:attachment":[{"href":"https:\/\/espenlaub-shop.de\/index.php\/wp-json\/wp\/v2\/media?parent=119"}],"wp:term":[{"taxonomy":"product_brand","embeddable":true,"href":"https:\/\/espenlaub-shop.de\/index.php\/wp-json\/wp\/v2\/product_brand?post=119"},{"taxonomy":"product_cat","embeddable":true,"href":"https:\/\/espenlaub-shop.de\/index.php\/wp-json\/wp\/v2\/product_cat?post=119"},{"taxonomy":"product_tag","embeddable":true,"href":"https:\/\/espenlaub-shop.de\/index.php\/wp-json\/wp\/v2\/product_tag?post=119"}],"curies":[{"name":"wp","href":"https:\/\/api.w.org\/{rel}","templated":true}]}}

CD Schwäbisch 3 &#8211; Friar (Früher)

<p>Musik-CD</p>
<ol>
<li>Guada Morga</li>
<li>Bauernregeln</li>
<li>Muss i denn zum Städele hinaus (instrumental)</li>
<li>Friar</li>
<li>Aus vollem Hals</li>
<li>Rondo &#8211; Türkischer Marsch</li>
<li>Got´s eich noch guad</li>
<li>Schnader Hupferl</li>
<li>Alphorn Polka</li>
<li>Kuckuck</li>
<li>Die Geschichte vom Igel</li>
<li>Whiskey Blues</li>
<li>Mir sends</li>
<li>Caféhaus Walzer</li>
<li>Früher</li>
<li>Es war so schea</li>
<li>Waret´r mit dm Sound zfrieda?</li>
</ol>

<p>Musik-CD Schwäbisch &#8222;3&#8220;. Noch mehr unterhaltsame, schwäbische Lieder von und mit Jo Brösele.</p>
<p>&nbsp;</p>

<!-- This site is optimized with the Yoast SEO plugin v27.5 - https://yoast.com/product/yoast-seo-wordpress/ -->
<title>CD Schwäbisch 3 - Friar (Früher) - ESPENLAUB Verlag</title>
<meta name="robots" content="index, follow, max-snippet:-1, max-image-preview:large, max-video-preview:-1" />
<link rel="canonical" href="https://espenlaub-shop.de/index.php/product/cd-schwaebisch-3-friar-frueher/" />
<meta property="og:locale" content="de_DE" />
<meta property="og:type" content="article" />
<meta property="og:title" content="CD Schwäbisch 3 - Friar (Früher) - ESPENLAUB Verlag" />
<meta property="og:description" content="Musik-CD Schwäbisch &quot;3&quot;. Noch mehr unterhaltsame, schwäbische Lieder von und mit Jo Brösele.  &nbsp;" />
<meta property="og:url" content="https://espenlaub-shop.de/index.php/product/cd-schwaebisch-3-friar-frueher/" />
<meta property="og:site_name" content="ESPENLAUB Verlag" />
<meta property="article:modified_time" content="2021-09-10T08:18:24+00:00" />
<meta property="og:image" content="https://espenlaub-shop.de/wp-content/uploads/2020/10/Musik-Schwaebisch-3.jpg" />
	<meta property="og:image:width" content="1024" />
	<meta property="og:image:height" content="646" />
	<meta property="og:image:type" content="image/jpeg" />
<meta name="twitter:card" content="summary_large_image" />
<script type="application/ld+json" class="yoast-schema-graph">{"@context":"https:\/\/schema.org","@graph":[{"@type":"WebPage","@id":"https:\/\/espenlaub-shop.de\/index.php\/product\/cd-schwaebisch-3-friar-frueher\/","url":"https:\/\/espenlaub-shop.de\/index.php\/product\/cd-schwaebisch-3-friar-frueher\/","name":"CD Schwäbisch 3 - Friar (Früher) - ESPENLAUB Verlag","isPartOf":{"@id":"https:\/\/espenlaub-shop.de\/#website"},"primaryImageOfPage":{"@id":"https:\/\/espenlaub-shop.de\/index.php\/product\/cd-schwaebisch-3-friar-frueher\/#primaryimage"},"image":{"@id":"https:\/\/espenlaub-shop.de\/index.php\/product\/cd-schwaebisch-3-friar-frueher\/#primaryimage"},"thumbnailUrl":"https:\/\/espenlaub-shop.de\/wp-content\/uploads\/2020\/10\/Musik-Schwaebisch-3.jpg","datePublished":"2020-10-08T14:38:05+00:00","dateModified":"2021-09-10T08:18:24+00:00","breadcrumb":{"@id":"https:\/\/espenlaub-shop.de\/index.php\/product\/cd-schwaebisch-3-friar-frueher\/#breadcrumb"},"inLanguage":"de","potentialAction":[{"@type":"ReadAction","target":["https:\/\/espenlaub-shop.de\/index.php\/product\/cd-schwaebisch-3-friar-frueher\/"]}]},{"@type":"ImageObject","inLanguage":"de","@id":"https:\/\/espenlaub-shop.de\/index.php\/product\/cd-schwaebisch-3-friar-frueher\/#primaryimage","url":"https:\/\/espenlaub-shop.de\/wp-content\/uploads\/2020\/10\/Musik-Schwaebisch-3.jpg","contentUrl":"https:\/\/espenlaub-shop.de\/wp-content\/uploads\/2020\/10\/Musik-Schwaebisch-3.jpg","width":1024,"height":646},{"@type":"BreadcrumbList","@id":"https:\/\/espenlaub-shop.de\/index.php\/product\/cd-schwaebisch-3-friar-frueher\/#breadcrumb","itemListElement":[{"@type":"ListItem","position":1,"name":"Home","item":"https:\/\/espenlaub-shop.de\/"},{"@type":"ListItem","position":2,"name":"Shop","item":"https:\/\/espenlaub-shop.de\/index.php\/shop\/"},{"@type":"ListItem","position":3,"name":"CD Schwäbisch 3 &#8211; Friar (Früher)"}]},{"@type":"WebSite","@id":"https:\/\/espenlaub-shop.de\/#website","url":"https:\/\/espenlaub-shop.de\/","name":"ESPENLAUB Verlag","description":"","publisher":{"@id":"https:\/\/espenlaub-shop.de\/#organization"},"potentialAction":[{"@type":"SearchAction","target":{"@type":"EntryPoint","urlTemplate":"https:\/\/espenlaub-shop.de\/?s={search_term_string}"},"query-input":{"@type":"PropertyValueSpecification","valueRequired":true,"valueName":"search_term_string"}}],"inLanguage":"de"},{"@type":"Organization","@id":"https:\/\/espenlaub-shop.de\/#organization","name":"ESPENLAUB Verlag","url":"https:\/\/espenlaub-shop.de\/","logo":{"@type":"ImageObject","inLanguage":"de","@id":"https:\/\/espenlaub-shop.de\/#\/schema\/logo\/image\/","url":"https:\/\/espenlaub-shop.de\/wp-content\/uploads\/2020\/07\/logo.png","contentUrl":"https:\/\/espenlaub-shop.de\/wp-content\/uploads\/2020\/07\/logo.png","width":531,"height":80,"caption":"ESPENLAUB Verlag"},"image":{"@id":"https:\/\/espenlaub-shop.de\/#\/schema\/logo\/image\/"}}]}</script>
<!-- / Yoast SEO plugin. -->

CD Schwäbisch 3 - Friar (Früher) - ESPENLAUB Verlag

Musik-CD Schwäbisch "3". Noch mehr unterhaltsame, schwäbische Lieder von und mit Jo Brösele.  &nbsp;
