{"id":303,"date":"2020-12-06T12:24:51","date_gmt":"2020-12-06T12:24:51","guid":{"rendered":"https:\/\/espenlaub-shop.de\/?post_type=product&#038;p=303"},"modified":"2022-05-07T17:01:15","modified_gmt":"2022-05-07T17:01:15","slug":"dvd-die-unzufriedene-prinzessin-realfilm-nach-einem-maerchen-von-tom-espen","status":"publish","type":"product","link":"https:\/\/espenlaub-shop.de\/index.php\/product\/dvd-die-unzufriedene-prinzessin-realfilm-nach-einem-maerchen-von-tom-espen\/","title":{"rendered":"DVD Die unzufriedene Prinzessin  &#8211; Realfilm nach einem M\u00e4rchen von Tom Espen"},"content":{"rendered":"<p>Die kleine Prinzessin Anna hat eigentlich alles, was sich eine Prinzessin nur w\u00fcnschen kann.<\/p>\n<p>Wenn blo\u00df der kr\u00e4chzende Hahn nicht w\u00e4re, der sie morgens laut weckt, oder ihre tapsige Katze, \u00fcber die sie immer stolpert, oder ihr Diener Leopold, der immer alles falsch macht&#8230;<\/p>\n<p>All das findet Prinzessin Anna unm\u00f6glich!<\/p>\n<p>Doch dann erlebt die Prinzessin einen seltsamen Fluch, bei dem der Kobold Potz Blitz ihr auf die Spr\u00fcnge hilft&#8230;<\/p>\n<p>Der Film zum Buch ca. 30 Minuten, FSK O<\/p>\n","protected":false},"excerpt":{"rendered":"<p>Die kleine Prinzessin Anna hat eigentlich alles, was sich eine Prinzessin nur w\u00fcnschen kann.<\/p>\n<p>Wenn blo\u00df der kr\u00e4chzende Hahn nicht w\u00e4re, der sie morgens laut weckt, oder ihre tapsige Katze, \u00fcber die sie immer stolpert, oder ihr Diener Leopold, der immer alles falsch macht&#8230;<\/p>\n<p>All das findet Prinzessin Anna unm\u00f6glich!<\/p>\n<p>Doch dann erlebt die Prinzessin einen seltsamen Fluch, bei dem der Kobold Potz Blitz ihr auf die Spr\u00fcnge hilft&#8230;<\/p>\n<p>Der Film zum Buch ca. 30 Minuten, FKS 0<\/p>\n","protected":false},"featured_media":304,"template":"","meta":[],"product_brand":[],"product_cat":[21],"product_tag":[266,102,264,86,93,99,98,267,268,265,94,263,95,269,101,79,100,96,270,271],"class_list":{"0":"post-303","1":"product","2":"type-product","3":"status-publish","4":"has-post-thumbnail","6":"product_cat-musik-filme","7":"product_tag-anna","8":"product_tag-burg","9":"product_tag-diener","10":"product_tag-dvd","11":"product_tag-film","12":"product_tag-glueck","13":"product_tag-kobold","14":"product_tag-koenig","15":"product_tag-koenigin","16":"product_tag-leopold","17":"product_tag-maerchen","18":"product_tag-maerchenstaub","19":"product_tag-prinzessin","20":"product_tag-prinzessinnen","21":"product_tag-schloss","22":"product_tag-tom-espen","23":"product_tag-unzufrieden","24":"product_tag-waldburg","25":"product_tag-zufrieden","26":"product_tag-zufriedenheit","28":"first","29":"instock","30":"purchasable","31":"product-type-simple"},"yoast_head":"<!-- This site is optimized with the Yoast SEO plugin v27.4 - https:\/\/yoast.com\/product\/yoast-seo-wordpress\/ -->\n<title>DVD Die unzufriedene Prinzessin - Realfilm nach einem M\u00e4rchen von Tom Espen - ESPENLAUB Verlag<\/title>\n<meta name=\"robots\" content=\"index, follow, max-snippet:-1, max-image-preview:large, max-video-preview:-1\" \/>\n<link rel=\"canonical\" href=\"https:\/\/espenlaub-shop.de\/index.php\/product\/dvd-die-unzufriedene-prinzessin-realfilm-nach-einem-maerchen-von-tom-espen\/\" \/>\n<meta property=\"og:locale\" content=\"de_DE\" \/>\n<meta property=\"og:type\" content=\"article\" \/>\n<meta property=\"og:title\" content=\"DVD Die unzufriedene Prinzessin - Realfilm nach einem M\u00e4rchen von Tom Espen - ESPENLAUB Verlag\" \/>\n<meta property=\"og:description\" content=\"Die kleine Prinzessin Anna hat eigentlich alles, was sich eine Prinzessin nur w\u00fcnschen kann.  Wenn blo\u00df der kr\u00e4chzende Hahn nicht w\u00e4re, der sie morgens laut weckt, oder ihre tapsige Katze, \u00fcber die sie immer stolpert, oder ihr Diener Leopold, der immer alles falsch macht...  All das findet Prinzessin Anna unm\u00f6glich!  Doch dann erlebt die Prinzessin einen seltsamen Fluch, bei dem der Kobold Potz Blitz ihr auf die Spr\u00fcnge hilft...  Der Film zum Buch ca. 30 Minuten, FKS 0\" \/>\n<meta property=\"og:url\" content=\"https:\/\/espenlaub-shop.de\/index.php\/product\/dvd-die-unzufriedene-prinzessin-realfilm-nach-einem-maerchen-von-tom-espen\/\" \/>\n<meta property=\"og:site_name\" content=\"ESPENLAUB Verlag\" \/>\n<meta property=\"article:modified_time\" content=\"2022-05-07T17:01:15+00:00\" \/>\n<meta property=\"og:image\" content=\"https:\/\/espenlaub-shop.de\/wp-content\/uploads\/2020\/12\/DVD-Die-unzufriedene-P.jpg\" \/>\n\t<meta property=\"og:image:width\" content=\"646\" \/>\n\t<meta property=\"og:image:height\" content=\"646\" \/>\n\t<meta property=\"og:image:type\" content=\"image\/jpeg\" \/>\n<meta name=\"twitter:card\" content=\"summary_large_image\" \/>\n<script type=\"application\/ld+json\" class=\"yoast-schema-graph\">{\"@context\":\"https:\\\/\\\/schema.org\",\"@graph\":[{\"@type\":\"WebPage\",\"@id\":\"https:\\\/\\\/espenlaub-shop.de\\\/index.php\\\/product\\\/dvd-die-unzufriedene-prinzessin-realfilm-nach-einem-maerchen-von-tom-espen\\\/\",\"url\":\"https:\\\/\\\/espenlaub-shop.de\\\/index.php\\\/product\\\/dvd-die-unzufriedene-prinzessin-realfilm-nach-einem-maerchen-von-tom-espen\\\/\",\"name\":\"DVD Die unzufriedene Prinzessin - Realfilm nach einem M\u00e4rchen von Tom Espen - ESPENLAUB Verlag\",\"isPartOf\":{\"@id\":\"https:\\\/\\\/espenlaub-shop.de\\\/#website\"},\"primaryImageOfPage\":{\"@id\":\"https:\\\/\\\/espenlaub-shop.de\\\/index.php\\\/product\\\/dvd-die-unzufriedene-prinzessin-realfilm-nach-einem-maerchen-von-tom-espen\\\/#primaryimage\"},\"image\":{\"@id\":\"https:\\\/\\\/espenlaub-shop.de\\\/index.php\\\/product\\\/dvd-die-unzufriedene-prinzessin-realfilm-nach-einem-maerchen-von-tom-espen\\\/#primaryimage\"},\"thumbnailUrl\":\"https:\\\/\\\/espenlaub-shop.de\\\/wp-content\\\/uploads\\\/2020\\\/12\\\/DVD-Die-unzufriedene-P.jpg\",\"datePublished\":\"2020-12-06T12:24:51+00:00\",\"dateModified\":\"2022-05-07T17:01:15+00:00\",\"breadcrumb\":{\"@id\":\"https:\\\/\\\/espenlaub-shop.de\\\/index.php\\\/product\\\/dvd-die-unzufriedene-prinzessin-realfilm-nach-einem-maerchen-von-tom-espen\\\/#breadcrumb\"},\"inLanguage\":\"de\",\"potentialAction\":[{\"@type\":\"ReadAction\",\"target\":[\"https:\\\/\\\/espenlaub-shop.de\\\/index.php\\\/product\\\/dvd-die-unzufriedene-prinzessin-realfilm-nach-einem-maerchen-von-tom-espen\\\/\"]}]},{\"@type\":\"ImageObject\",\"inLanguage\":\"de\",\"@id\":\"https:\\\/\\\/espenlaub-shop.de\\\/index.php\\\/product\\\/dvd-die-unzufriedene-prinzessin-realfilm-nach-einem-maerchen-von-tom-espen\\\/#primaryimage\",\"url\":\"https:\\\/\\\/espenlaub-shop.de\\\/wp-content\\\/uploads\\\/2020\\\/12\\\/DVD-Die-unzufriedene-P.jpg\",\"contentUrl\":\"https:\\\/\\\/espenlaub-shop.de\\\/wp-content\\\/uploads\\\/2020\\\/12\\\/DVD-Die-unzufriedene-P.jpg\",\"width\":646,\"height\":646},{\"@type\":\"BreadcrumbList\",\"@id\":\"https:\\\/\\\/espenlaub-shop.de\\\/index.php\\\/product\\\/dvd-die-unzufriedene-prinzessin-realfilm-nach-einem-maerchen-von-tom-espen\\\/#breadcrumb\",\"itemListElement\":[{\"@type\":\"ListItem\",\"position\":1,\"name\":\"Home\",\"item\":\"https:\\\/\\\/espenlaub-shop.de\\\/\"},{\"@type\":\"ListItem\",\"position\":2,\"name\":\"Shop\",\"item\":\"https:\\\/\\\/espenlaub-shop.de\\\/index.php\\\/shop\\\/\"},{\"@type\":\"ListItem\",\"position\":3,\"name\":\"DVD Die unzufriedene Prinzessin &#8211; Realfilm nach einem M\u00e4rchen von Tom Espen\"}]},{\"@type\":\"WebSite\",\"@id\":\"https:\\\/\\\/espenlaub-shop.de\\\/#website\",\"url\":\"https:\\\/\\\/espenlaub-shop.de\\\/\",\"name\":\"ESPENLAUB Verlag\",\"description\":\"\",\"publisher\":{\"@id\":\"https:\\\/\\\/espenlaub-shop.de\\\/#organization\"},\"potentialAction\":[{\"@type\":\"SearchAction\",\"target\":{\"@type\":\"EntryPoint\",\"urlTemplate\":\"https:\\\/\\\/espenlaub-shop.de\\\/?s={search_term_string}\"},\"query-input\":{\"@type\":\"PropertyValueSpecification\",\"valueRequired\":true,\"valueName\":\"search_term_string\"}}],\"inLanguage\":\"de\"},{\"@type\":\"Organization\",\"@id\":\"https:\\\/\\\/espenlaub-shop.de\\\/#organization\",\"name\":\"ESPENLAUB Verlag\",\"url\":\"https:\\\/\\\/espenlaub-shop.de\\\/\",\"logo\":{\"@type\":\"ImageObject\",\"inLanguage\":\"de\",\"@id\":\"https:\\\/\\\/espenlaub-shop.de\\\/#\\\/schema\\\/logo\\\/image\\\/\",\"url\":\"https:\\\/\\\/espenlaub-shop.de\\\/wp-content\\\/uploads\\\/2020\\\/07\\\/logo.png\",\"contentUrl\":\"https:\\\/\\\/espenlaub-shop.de\\\/wp-content\\\/uploads\\\/2020\\\/07\\\/logo.png\",\"width\":531,\"height\":80,\"caption\":\"ESPENLAUB Verlag\"},\"image\":{\"@id\":\"https:\\\/\\\/espenlaub-shop.de\\\/#\\\/schema\\\/logo\\\/image\\\/\"}}]}<\/script>\n<!-- \/ Yoast SEO plugin. -->","yoast_head_json":{"title":"DVD Die unzufriedene Prinzessin - Realfilm nach einem M\u00e4rchen von Tom Espen - ESPENLAUB Verlag","robots":{"index":"index","follow":"follow","max-snippet":"max-snippet:-1","max-image-preview":"max-image-preview:large","max-video-preview":"max-video-preview:-1"},"canonical":"https:\/\/espenlaub-shop.de\/index.php\/product\/dvd-die-unzufriedene-prinzessin-realfilm-nach-einem-maerchen-von-tom-espen\/","og_locale":"de_DE","og_type":"article","og_title":"DVD Die unzufriedene Prinzessin - Realfilm nach einem M\u00e4rchen von Tom Espen - ESPENLAUB Verlag","og_description":"Die kleine Prinzessin Anna hat eigentlich alles, was sich eine Prinzessin nur w\u00fcnschen kann.  Wenn blo\u00df der kr\u00e4chzende Hahn nicht w\u00e4re, der sie morgens laut weckt, oder ihre tapsige Katze, \u00fcber die sie immer stolpert, oder ihr Diener Leopold, der immer alles falsch macht...  All das findet Prinzessin Anna unm\u00f6glich!  Doch dann erlebt die Prinzessin einen seltsamen Fluch, bei dem der Kobold Potz Blitz ihr auf die Spr\u00fcnge hilft...  Der Film zum Buch ca. 30 Minuten, FKS 0","og_url":"https:\/\/espenlaub-shop.de\/index.php\/product\/dvd-die-unzufriedene-prinzessin-realfilm-nach-einem-maerchen-von-tom-espen\/","og_site_name":"ESPENLAUB Verlag","article_modified_time":"2022-05-07T17:01:15+00:00","og_image":[{"width":646,"height":646,"url":"https:\/\/espenlaub-shop.de\/wp-content\/uploads\/2020\/12\/DVD-Die-unzufriedene-P.jpg","type":"image\/jpeg"}],"twitter_card":"summary_large_image","schema":{"@context":"https:\/\/schema.org","@graph":[{"@type":"WebPage","@id":"https:\/\/espenlaub-shop.de\/index.php\/product\/dvd-die-unzufriedene-prinzessin-realfilm-nach-einem-maerchen-von-tom-espen\/","url":"https:\/\/espenlaub-shop.de\/index.php\/product\/dvd-die-unzufriedene-prinzessin-realfilm-nach-einem-maerchen-von-tom-espen\/","name":"DVD Die unzufriedene Prinzessin - Realfilm nach einem M\u00e4rchen von Tom Espen - ESPENLAUB Verlag","isPartOf":{"@id":"https:\/\/espenlaub-shop.de\/#website"},"primaryImageOfPage":{"@id":"https:\/\/espenlaub-shop.de\/index.php\/product\/dvd-die-unzufriedene-prinzessin-realfilm-nach-einem-maerchen-von-tom-espen\/#primaryimage"},"image":{"@id":"https:\/\/espenlaub-shop.de\/index.php\/product\/dvd-die-unzufriedene-prinzessin-realfilm-nach-einem-maerchen-von-tom-espen\/#primaryimage"},"thumbnailUrl":"https:\/\/espenlaub-shop.de\/wp-content\/uploads\/2020\/12\/DVD-Die-unzufriedene-P.jpg","datePublished":"2020-12-06T12:24:51+00:00","dateModified":"2022-05-07T17:01:15+00:00","breadcrumb":{"@id":"https:\/\/espenlaub-shop.de\/index.php\/product\/dvd-die-unzufriedene-prinzessin-realfilm-nach-einem-maerchen-von-tom-espen\/#breadcrumb"},"inLanguage":"de","potentialAction":[{"@type":"ReadAction","target":["https:\/\/espenlaub-shop.de\/index.php\/product\/dvd-die-unzufriedene-prinzessin-realfilm-nach-einem-maerchen-von-tom-espen\/"]}]},{"@type":"ImageObject","inLanguage":"de","@id":"https:\/\/espenlaub-shop.de\/index.php\/product\/dvd-die-unzufriedene-prinzessin-realfilm-nach-einem-maerchen-von-tom-espen\/#primaryimage","url":"https:\/\/espenlaub-shop.de\/wp-content\/uploads\/2020\/12\/DVD-Die-unzufriedene-P.jpg","contentUrl":"https:\/\/espenlaub-shop.de\/wp-content\/uploads\/2020\/12\/DVD-Die-unzufriedene-P.jpg","width":646,"height":646},{"@type":"BreadcrumbList","@id":"https:\/\/espenlaub-shop.de\/index.php\/product\/dvd-die-unzufriedene-prinzessin-realfilm-nach-einem-maerchen-von-tom-espen\/#breadcrumb","itemListElement":[{"@type":"ListItem","position":1,"name":"Home","item":"https:\/\/espenlaub-shop.de\/"},{"@type":"ListItem","position":2,"name":"Shop","item":"https:\/\/espenlaub-shop.de\/index.php\/shop\/"},{"@type":"ListItem","position":3,"name":"DVD Die unzufriedene Prinzessin &#8211; Realfilm nach einem M\u00e4rchen von Tom Espen"}]},{"@type":"WebSite","@id":"https:\/\/espenlaub-shop.de\/#website","url":"https:\/\/espenlaub-shop.de\/","name":"ESPENLAUB Verlag","description":"","publisher":{"@id":"https:\/\/espenlaub-shop.de\/#organization"},"potentialAction":[{"@type":"SearchAction","target":{"@type":"EntryPoint","urlTemplate":"https:\/\/espenlaub-shop.de\/?s={search_term_string}"},"query-input":{"@type":"PropertyValueSpecification","valueRequired":true,"valueName":"search_term_string"}}],"inLanguage":"de"},{"@type":"Organization","@id":"https:\/\/espenlaub-shop.de\/#organization","name":"ESPENLAUB Verlag","url":"https:\/\/espenlaub-shop.de\/","logo":{"@type":"ImageObject","inLanguage":"de","@id":"https:\/\/espenlaub-shop.de\/#\/schema\/logo\/image\/","url":"https:\/\/espenlaub-shop.de\/wp-content\/uploads\/2020\/07\/logo.png","contentUrl":"https:\/\/espenlaub-shop.de\/wp-content\/uploads\/2020\/07\/logo.png","width":531,"height":80,"caption":"ESPENLAUB Verlag"},"image":{"@id":"https:\/\/espenlaub-shop.de\/#\/schema\/logo\/image\/"}}]}},"_links":{"self":[{"href":"https:\/\/espenlaub-shop.de\/index.php\/wp-json\/wp\/v2\/product\/303","targetHints":{"allow":["GET"]}}],"collection":[{"href":"https:\/\/espenlaub-shop.de\/index.php\/wp-json\/wp\/v2\/product"}],"about":[{"href":"https:\/\/espenlaub-shop.de\/index.php\/wp-json\/wp\/v2\/types\/product"}],"wp:featuredmedia":[{"embeddable":true,"href":"https:\/\/espenlaub-shop.de\/index.php\/wp-json\/wp\/v2\/media\/304"}],"wp:attachment":[{"href":"https:\/\/espenlaub-shop.de\/index.php\/wp-json\/wp\/v2\/media?parent=303"}],"wp:term":[{"taxonomy":"product_brand","embeddable":true,"href":"https:\/\/espenlaub-shop.de\/index.php\/wp-json\/wp\/v2\/product_brand?post=303"},{"taxonomy":"product_cat","embeddable":true,"href":"https:\/\/espenlaub-shop.de\/index.php\/wp-json\/wp\/v2\/product_cat?post=303"},{"taxonomy":"product_tag","embeddable":true,"href":"https:\/\/espenlaub-shop.de\/index.php\/wp-json\/wp\/v2\/product_tag?post=303"}],"curies":[{"name":"wp","href":"https:\/\/api.w.org\/{rel}","templated":true}]}}