{"id":354,"date":"2021-03-14T23:17:14","date_gmt":"2021-03-14T23:17:14","guid":{"rendered":"https:\/\/espenlaub-shop.de\/?post_type=product&#038;p=354"},"modified":"2021-03-14T23:18:15","modified_gmt":"2021-03-14T23:18:15","slug":"bodoo-pegelstand-eine-pfiffige-zaehlhilfe-nussbaum","status":"publish","type":"product","link":"https:\/\/espenlaub-shop.de\/index.php\/product\/bodoo-pegelstand-eine-pfiffige-zaehlhilfe-nussbaum\/","title":{"rendered":"bodoo Pegelstand &#8211; eine pfiffige Z\u00e4hlhilfe &#8211; Nussbaum"},"content":{"rendered":"<p>bodoo Pegelstand hei\u00dft eine pfiffige Z\u00e4hlhilfe im Abakus-Design, die endg\u00fcltig f\u00fcr mehr Klarheit beim Trinken bringt. Genug Wasser? Zuviel Kaffee? Geht noch ein Bier? Mit bodoo Pegelstand sind das keine Fragen mehr, denn bodoo sorgt allzeit f\u00fcr den perfekten \u00dcberblick. Der kleine Z\u00e4hlassistent kommt als quadratischer Holzuntersetzer daher, hat eine gefr\u00e4ste Aussparung f\u00fcr Glas oder Tasse und hilft mit seinen f\u00fcnf schwarzen Kugeln beim Z\u00e4hlen. Und sieht cool aus!<\/p>\n<p>Als Alltagshilfe ist bodoo Pegelstand f\u00fcr alle ein echtes Geschenk, die zuhause oder im B\u00fcro den \u00dcberblick behalten wollen. Oder einfach nur so.<\/p>\n<p>Durch die edle Verpackung aus schwarzem, mit Relieflack bedrucktem Karton sieht bodoo Pegelstand immer edel aus und erspart sogar das Geschenkpapier.<\/p>\n<p>\u201eMade in Germany\u201c.<\/p>\n<p>&nbsp;<\/p>\n<p>&nbsp;<\/p>\n<p>&nbsp;<\/p>\n<p>&nbsp;<\/p>\n<p>&nbsp;<\/p>\n","protected":false},"excerpt":{"rendered":"<p>Ob bei Wasser, bei Kaffee, bei Bier oder bei Wein \u2013 es ist nicht immer leicht zu wissen, ob man genug hat. bodoo Pegelstand schafft dieses Problem kurzerhand aus der Welt, denn der quadratische Holzuntersetzer im Abakus-Design erleichtert mit seinen f\u00fcnf integrierten Kugeln das Z\u00e4hlen und sieht noch dazu sehr edel aus. bodoo Pegelstand ist ein echtes Geschenk f\u00fcr alle, die ihre Trinkmengen optimieren wollen \u2013 oder einfach nur so.<\/p>\n<p>&nbsp;<\/p>\n<p>Material: Vollholz Eiche<\/p>\n<p>Gr\u00f6\u00dfe: 113 x 115 x 17 mm<\/p>\n<p>Federstahl, nichtrostend, poliert<\/p>\n<p>Kugeln: Polaris Perlen, matt schwarz, 14 mm<\/p>\n","protected":false},"featured_media":353,"template":"","meta":[],"product_brand":[],"product_cat":[22],"product_tag":[139,350,357,356,355,353,358,359,352,316,351],"class_list":{"0":"post-354","1":"product","2":"type-product","3":"status-publish","4":"has-post-thumbnail","6":"product_cat-fun-artikel","7":"product_tag-bier","8":"product_tag-bodoo","9":"product_tag-cola","10":"product_tag-kaffee","11":"product_tag-klarheit-beim-trinken","12":"product_tag-kugeln","13":"product_tag-milch","14":"product_tag-nussbaum","15":"product_tag-pegel","16":"product_tag-wasser","17":"product_tag-zaehlhilfe","19":"first","20":"instock","21":"taxable","22":"shipping-taxable","23":"purchasable","24":"product-type-simple"},"yoast_head":"<!-- This site is optimized with the Yoast SEO plugin v27.5 - https:\/\/yoast.com\/product\/yoast-seo-wordpress\/ -->\n<title>bodoo Pegelstand - eine pfiffige Z\u00e4hlhilfe - Nussbaum - ESPENLAUB Verlag<\/title>\n<meta name=\"robots\" content=\"index, follow, max-snippet:-1, max-image-preview:large, max-video-preview:-1\" \/>\n<link rel=\"canonical\" href=\"https:\/\/espenlaub-shop.de\/index.php\/product\/bodoo-pegelstand-eine-pfiffige-zaehlhilfe-nussbaum\/\" \/>\n<meta property=\"og:locale\" content=\"de_DE\" \/>\n<meta property=\"og:type\" content=\"article\" \/>\n<meta property=\"og:title\" content=\"bodoo Pegelstand - eine pfiffige Z\u00e4hlhilfe - Nussbaum - ESPENLAUB Verlag\" \/>\n<meta property=\"og:description\" content=\"Ob bei Wasser, bei Kaffee, bei Bier oder bei Wein \u2013 es ist nicht immer leicht zu wissen, ob man genug hat. bodoo Pegelstand schafft dieses Problem kurzerhand aus der Welt, denn der quadratische Holzuntersetzer im Abakus-Design erleichtert mit seinen f\u00fcnf integrierten Kugeln das Z\u00e4hlen und sieht noch dazu sehr edel aus. bodoo Pegelstand ist ein echtes Geschenk f\u00fcr alle, die ihre Trinkmengen optimieren wollen \u2013 oder einfach nur so.  &nbsp;  Material: Vollholz Eiche  Gr\u00f6\u00dfe: 113 x 115 x 17 mm  Federstahl, nichtrostend, poliert  Kugeln: Polaris Perlen, matt schwarz, 14 mm\" \/>\n<meta property=\"og:url\" content=\"https:\/\/espenlaub-shop.de\/index.php\/product\/bodoo-pegelstand-eine-pfiffige-zaehlhilfe-nussbaum\/\" \/>\n<meta property=\"og:site_name\" content=\"ESPENLAUB Verlag\" \/>\n<meta property=\"article:modified_time\" content=\"2021-03-14T23:18:15+00:00\" \/>\n<meta property=\"og:image\" content=\"https:\/\/espenlaub-shop.de\/wp-content\/uploads\/2021\/03\/Bodoo-Nussbaum.jpg\" \/>\n\t<meta property=\"og:image:width\" content=\"646\" \/>\n\t<meta property=\"og:image:height\" content=\"646\" \/>\n\t<meta property=\"og:image:type\" content=\"image\/jpeg\" \/>\n<meta name=\"twitter:card\" content=\"summary_large_image\" \/>\n<meta name=\"twitter:label1\" content=\"Gesch\u00e4tzte Lesezeit\" \/>\n\t<meta name=\"twitter:data1\" content=\"1\u00a0Minute\" \/>\n<script type=\"application\/ld+json\" class=\"yoast-schema-graph\">{\"@context\":\"https:\\\/\\\/schema.org\",\"@graph\":[{\"@type\":\"WebPage\",\"@id\":\"https:\\\/\\\/espenlaub-shop.de\\\/index.php\\\/product\\\/bodoo-pegelstand-eine-pfiffige-zaehlhilfe-nussbaum\\\/\",\"url\":\"https:\\\/\\\/espenlaub-shop.de\\\/index.php\\\/product\\\/bodoo-pegelstand-eine-pfiffige-zaehlhilfe-nussbaum\\\/\",\"name\":\"bodoo Pegelstand - eine pfiffige Z\u00e4hlhilfe - Nussbaum - ESPENLAUB Verlag\",\"isPartOf\":{\"@id\":\"https:\\\/\\\/espenlaub-shop.de\\\/#website\"},\"primaryImageOfPage\":{\"@id\":\"https:\\\/\\\/espenlaub-shop.de\\\/index.php\\\/product\\\/bodoo-pegelstand-eine-pfiffige-zaehlhilfe-nussbaum\\\/#primaryimage\"},\"image\":{\"@id\":\"https:\\\/\\\/espenlaub-shop.de\\\/index.php\\\/product\\\/bodoo-pegelstand-eine-pfiffige-zaehlhilfe-nussbaum\\\/#primaryimage\"},\"thumbnailUrl\":\"https:\\\/\\\/espenlaub-shop.de\\\/wp-content\\\/uploads\\\/2021\\\/03\\\/Bodoo-Nussbaum.jpg\",\"datePublished\":\"2021-03-14T23:17:14+00:00\",\"dateModified\":\"2021-03-14T23:18:15+00:00\",\"breadcrumb\":{\"@id\":\"https:\\\/\\\/espenlaub-shop.de\\\/index.php\\\/product\\\/bodoo-pegelstand-eine-pfiffige-zaehlhilfe-nussbaum\\\/#breadcrumb\"},\"inLanguage\":\"de\",\"potentialAction\":[{\"@type\":\"ReadAction\",\"target\":[\"https:\\\/\\\/espenlaub-shop.de\\\/index.php\\\/product\\\/bodoo-pegelstand-eine-pfiffige-zaehlhilfe-nussbaum\\\/\"]}]},{\"@type\":\"ImageObject\",\"inLanguage\":\"de\",\"@id\":\"https:\\\/\\\/espenlaub-shop.de\\\/index.php\\\/product\\\/bodoo-pegelstand-eine-pfiffige-zaehlhilfe-nussbaum\\\/#primaryimage\",\"url\":\"https:\\\/\\\/espenlaub-shop.de\\\/wp-content\\\/uploads\\\/2021\\\/03\\\/Bodoo-Nussbaum.jpg\",\"contentUrl\":\"https:\\\/\\\/espenlaub-shop.de\\\/wp-content\\\/uploads\\\/2021\\\/03\\\/Bodoo-Nussbaum.jpg\",\"width\":646,\"height\":646},{\"@type\":\"BreadcrumbList\",\"@id\":\"https:\\\/\\\/espenlaub-shop.de\\\/index.php\\\/product\\\/bodoo-pegelstand-eine-pfiffige-zaehlhilfe-nussbaum\\\/#breadcrumb\",\"itemListElement\":[{\"@type\":\"ListItem\",\"position\":1,\"name\":\"Home\",\"item\":\"https:\\\/\\\/espenlaub-shop.de\\\/\"},{\"@type\":\"ListItem\",\"position\":2,\"name\":\"Shop\",\"item\":\"https:\\\/\\\/espenlaub-shop.de\\\/index.php\\\/shop\\\/\"},{\"@type\":\"ListItem\",\"position\":3,\"name\":\"bodoo Pegelstand &#8211; eine pfiffige Z\u00e4hlhilfe &#8211; Nussbaum\"}]},{\"@type\":\"WebSite\",\"@id\":\"https:\\\/\\\/espenlaub-shop.de\\\/#website\",\"url\":\"https:\\\/\\\/espenlaub-shop.de\\\/\",\"name\":\"ESPENLAUB Verlag\",\"description\":\"\",\"publisher\":{\"@id\":\"https:\\\/\\\/espenlaub-shop.de\\\/#organization\"},\"potentialAction\":[{\"@type\":\"SearchAction\",\"target\":{\"@type\":\"EntryPoint\",\"urlTemplate\":\"https:\\\/\\\/espenlaub-shop.de\\\/?s={search_term_string}\"},\"query-input\":{\"@type\":\"PropertyValueSpecification\",\"valueRequired\":true,\"valueName\":\"search_term_string\"}}],\"inLanguage\":\"de\"},{\"@type\":\"Organization\",\"@id\":\"https:\\\/\\\/espenlaub-shop.de\\\/#organization\",\"name\":\"ESPENLAUB Verlag\",\"url\":\"https:\\\/\\\/espenlaub-shop.de\\\/\",\"logo\":{\"@type\":\"ImageObject\",\"inLanguage\":\"de\",\"@id\":\"https:\\\/\\\/espenlaub-shop.de\\\/#\\\/schema\\\/logo\\\/image\\\/\",\"url\":\"https:\\\/\\\/espenlaub-shop.de\\\/wp-content\\\/uploads\\\/2020\\\/07\\\/logo.png\",\"contentUrl\":\"https:\\\/\\\/espenlaub-shop.de\\\/wp-content\\\/uploads\\\/2020\\\/07\\\/logo.png\",\"width\":531,\"height\":80,\"caption\":\"ESPENLAUB Verlag\"},\"image\":{\"@id\":\"https:\\\/\\\/espenlaub-shop.de\\\/#\\\/schema\\\/logo\\\/image\\\/\"}}]}<\/script>\n<!-- \/ Yoast SEO plugin. -->","yoast_head_json":{"title":"bodoo Pegelstand - eine pfiffige Z\u00e4hlhilfe - Nussbaum - ESPENLAUB Verlag","robots":{"index":"index","follow":"follow","max-snippet":"max-snippet:-1","max-image-preview":"max-image-preview:large","max-video-preview":"max-video-preview:-1"},"canonical":"https:\/\/espenlaub-shop.de\/index.php\/product\/bodoo-pegelstand-eine-pfiffige-zaehlhilfe-nussbaum\/","og_locale":"de_DE","og_type":"article","og_title":"bodoo Pegelstand - eine pfiffige Z\u00e4hlhilfe - Nussbaum - ESPENLAUB Verlag","og_description":"Ob bei Wasser, bei Kaffee, bei Bier oder bei Wein \u2013 es ist nicht immer leicht zu wissen, ob man genug hat. bodoo Pegelstand schafft dieses Problem kurzerhand aus der Welt, denn der quadratische Holzuntersetzer im Abakus-Design erleichtert mit seinen f\u00fcnf integrierten Kugeln das Z\u00e4hlen und sieht noch dazu sehr edel aus. bodoo Pegelstand ist ein echtes Geschenk f\u00fcr alle, die ihre Trinkmengen optimieren wollen \u2013 oder einfach nur so.  &nbsp;  Material: Vollholz Eiche  Gr\u00f6\u00dfe: 113 x 115 x 17 mm  Federstahl, nichtrostend, poliert  Kugeln: Polaris Perlen, matt schwarz, 14 mm","og_url":"https:\/\/espenlaub-shop.de\/index.php\/product\/bodoo-pegelstand-eine-pfiffige-zaehlhilfe-nussbaum\/","og_site_name":"ESPENLAUB Verlag","article_modified_time":"2021-03-14T23:18:15+00:00","og_image":[{"width":646,"height":646,"url":"https:\/\/espenlaub-shop.de\/wp-content\/uploads\/2021\/03\/Bodoo-Nussbaum.jpg","type":"image\/jpeg"}],"twitter_card":"summary_large_image","twitter_misc":{"Gesch\u00e4tzte Lesezeit":"1\u00a0Minute"},"schema":{"@context":"https:\/\/schema.org","@graph":[{"@type":"WebPage","@id":"https:\/\/espenlaub-shop.de\/index.php\/product\/bodoo-pegelstand-eine-pfiffige-zaehlhilfe-nussbaum\/","url":"https:\/\/espenlaub-shop.de\/index.php\/product\/bodoo-pegelstand-eine-pfiffige-zaehlhilfe-nussbaum\/","name":"bodoo Pegelstand - eine pfiffige Z\u00e4hlhilfe - Nussbaum - ESPENLAUB Verlag","isPartOf":{"@id":"https:\/\/espenlaub-shop.de\/#website"},"primaryImageOfPage":{"@id":"https:\/\/espenlaub-shop.de\/index.php\/product\/bodoo-pegelstand-eine-pfiffige-zaehlhilfe-nussbaum\/#primaryimage"},"image":{"@id":"https:\/\/espenlaub-shop.de\/index.php\/product\/bodoo-pegelstand-eine-pfiffige-zaehlhilfe-nussbaum\/#primaryimage"},"thumbnailUrl":"https:\/\/espenlaub-shop.de\/wp-content\/uploads\/2021\/03\/Bodoo-Nussbaum.jpg","datePublished":"2021-03-14T23:17:14+00:00","dateModified":"2021-03-14T23:18:15+00:00","breadcrumb":{"@id":"https:\/\/espenlaub-shop.de\/index.php\/product\/bodoo-pegelstand-eine-pfiffige-zaehlhilfe-nussbaum\/#breadcrumb"},"inLanguage":"de","potentialAction":[{"@type":"ReadAction","target":["https:\/\/espenlaub-shop.de\/index.php\/product\/bodoo-pegelstand-eine-pfiffige-zaehlhilfe-nussbaum\/"]}]},{"@type":"ImageObject","inLanguage":"de","@id":"https:\/\/espenlaub-shop.de\/index.php\/product\/bodoo-pegelstand-eine-pfiffige-zaehlhilfe-nussbaum\/#primaryimage","url":"https:\/\/espenlaub-shop.de\/wp-content\/uploads\/2021\/03\/Bodoo-Nussbaum.jpg","contentUrl":"https:\/\/espenlaub-shop.de\/wp-content\/uploads\/2021\/03\/Bodoo-Nussbaum.jpg","width":646,"height":646},{"@type":"BreadcrumbList","@id":"https:\/\/espenlaub-shop.de\/index.php\/product\/bodoo-pegelstand-eine-pfiffige-zaehlhilfe-nussbaum\/#breadcrumb","itemListElement":[{"@type":"ListItem","position":1,"name":"Home","item":"https:\/\/espenlaub-shop.de\/"},{"@type":"ListItem","position":2,"name":"Shop","item":"https:\/\/espenlaub-shop.de\/index.php\/shop\/"},{"@type":"ListItem","position":3,"name":"bodoo Pegelstand &#8211; eine pfiffige Z\u00e4hlhilfe &#8211; Nussbaum"}]},{"@type":"WebSite","@id":"https:\/\/espenlaub-shop.de\/#website","url":"https:\/\/espenlaub-shop.de\/","name":"ESPENLAUB Verlag","description":"","publisher":{"@id":"https:\/\/espenlaub-shop.de\/#organization"},"potentialAction":[{"@type":"SearchAction","target":{"@type":"EntryPoint","urlTemplate":"https:\/\/espenlaub-shop.de\/?s={search_term_string}"},"query-input":{"@type":"PropertyValueSpecification","valueRequired":true,"valueName":"search_term_string"}}],"inLanguage":"de"},{"@type":"Organization","@id":"https:\/\/espenlaub-shop.de\/#organization","name":"ESPENLAUB Verlag","url":"https:\/\/espenlaub-shop.de\/","logo":{"@type":"ImageObject","inLanguage":"de","@id":"https:\/\/espenlaub-shop.de\/#\/schema\/logo\/image\/","url":"https:\/\/espenlaub-shop.de\/wp-content\/uploads\/2020\/07\/logo.png","contentUrl":"https:\/\/espenlaub-shop.de\/wp-content\/uploads\/2020\/07\/logo.png","width":531,"height":80,"caption":"ESPENLAUB Verlag"},"image":{"@id":"https:\/\/espenlaub-shop.de\/#\/schema\/logo\/image\/"}}]}},"_links":{"self":[{"href":"https:\/\/espenlaub-shop.de\/index.php\/wp-json\/wp\/v2\/product\/354","targetHints":{"allow":["GET"]}}],"collection":[{"href":"https:\/\/espenlaub-shop.de\/index.php\/wp-json\/wp\/v2\/product"}],"about":[{"href":"https:\/\/espenlaub-shop.de\/index.php\/wp-json\/wp\/v2\/types\/product"}],"wp:featuredmedia":[{"embeddable":true,"href":"https:\/\/espenlaub-shop.de\/index.php\/wp-json\/wp\/v2\/media\/353"}],"wp:attachment":[{"href":"https:\/\/espenlaub-shop.de\/index.php\/wp-json\/wp\/v2\/media?parent=354"}],"wp:term":[{"taxonomy":"product_brand","embeddable":true,"href":"https:\/\/espenlaub-shop.de\/index.php\/wp-json\/wp\/v2\/product_brand?post=354"},{"taxonomy":"product_cat","embeddable":true,"href":"https:\/\/espenlaub-shop.de\/index.php\/wp-json\/wp\/v2\/product_cat?post=354"},{"taxonomy":"product_tag","embeddable":true,"href":"https:\/\/espenlaub-shop.de\/index.php\/wp-json\/wp\/v2\/product_tag?post=354"}],"curies":[{"name":"wp","href":"https:\/\/api.w.org\/{rel}","templated":true}]}}